mposite number?
True
Is 651496931 prime?
False
Is 275772533 composite?
False
Is 28899030347 prime?
False
Is 60911457229 a composite number?
True
Is 7847837341 prime?
True
Is 55160324347 a prime number?
True
Is 2801683267 composite?
False
Is 96590177563 composite?
True
Is 664225841 a composite number?
False
Is 965589973 a prime number?
False
Is 138937241 a composite number?
False
Is 31040769139 composite?
False
Is 3619014573 prime?
False
Is 4062642653 a composite number?
False
Is 58677694349 a composite number?
True
Is 7539047 a prime number?
True
Is 515768966 prime?
False
Is 89470040189 a composite number?
True
Is 7475444113 composite?
True
Is 8037613 composite?
True
Is 1887962927 composite?
False
Is 2096828869 composite?
False
Is 117471449 a prime number?
False
Is 2198433101 a composite number?
False
Is 1228680431 a prime number?
False
Is 29340043 prime?
False
Is 7001551003 a composite number?
True
Is 43053593 prime?
False
Is 24449102147 composite?
False
Is 383594101 prime?
False
Is 12874751641 a composite number?
False
Is 13557407953 a prime number?
False
Is 75694819 a prime number?
False
Is 125814893 composite?
False
Is 19547179 a prime number?
True
Is 1818525811 a composite number?
True
Is 1634722519 prime?
True
Is 6734251781 a prime number?
True
Is 5408001021 a prime number?
False
Is 181203047 prime?
True
Is 1029012449 a prime number?
True
Is 217095257 prime?
True
Is 18385873343 a prime number?
True
Is 68064030779 prime?
False
Is 109433201 a prime number?
True
Is 1303002802 a composite number?
True
Is 3768381649 prime?
False
Is 2041975937 prime?
True
Is 398537921 prime?
True
Is 92418788867 composite?
False
Is 38513417 a prime number?
False
Is 137156861 a composite number?
False
Is 113916931 a prime number?
False
Is 48027781927 composite?
False
Is 71161892647 prime?
False
Is 286675583 prime?
False
Is 1604138839 composite?
False
Is 2840765531 a prime number?
False
Is 22402403039 a prime number?
True
Is 9595349497 a prime number?
True
Is 3187209289 composite?
True
Is 81473317 a prime number?
False
Is 305222077 a prime number?
False
Is 169379999 prime?
True
Is 4130027221 a composite number?
True
Is 5182958527 a prime number?
True
Is 241099571 a prime number?
False
Is 6605932909 a composite number?
False
Is 37337711 prime?
True
Is 540173299 a prime number?
False
Is 1875729949 prime?
True
Is 29702255933 prime?
False
Is 278592137 a composite number?
False
Is 4095714769 a composite number?
False
Is 7115662699 composite?
False
Is 345051013 composite?
True
Is 28605731045 a prime number?
False
Is 101856286841 a composite number?
False
Is 85045644911 prime?
False
Is 397853149 a composite number?
True
Is 2744291107 composite?
True
Is 307112423 prime?
True
Is 14649785257 prime?
False
Is 1012424401 composite?
False
Is 844648499 composite?
False
Is 1532416757 prime?
False
Is 50994989 composite?
False
Is 13747711223 composite?
True
Is 12817483022 prime?
False
Is 571030609 prime?
True
Is 9961057987 a prime number?
True
Is 104006789 prime?
False
Is 31146982291 a prime number?
True
Is 115990931219 a composite number?
False
Is 189591673 a composite number?
True
Is 39381340781 prime?
False
Is 421693529 composite?
False
Is 5291470039 a composite number?
False
Is 134406677723 composite?
False
Is 7167136999 a composite number?
True
Is 30941477737 a composite number?
False
Is 36053938199 a prime number?
False
Is 188675802311 a prime number?
True
Is 16516054571 composite?
True
Is 32651287141 composite?
True
Is 5600271697 composite?
False
Is 52970812123 a prime number?
True
Is 214458151 a composite number?
False
Is 891304657 a composite number?
True
Is 7807770641 prime?
False
Is 2515794046 composite?
True
Is 4566999443 composite?
True
Is 4053988177 prime?
False
Is 160693441703 a composite number?
True
Is 37467160649 a prime number?
False
Is 573644233 composite?
False
Is 171231707 prime?
True
Is 1085264149 composite?
True
Is 3216175867 prime?
True
Is 94804740421 a prime number?
True
Is 138246235 prime?
False
Is 6721056443 prime?
False
Is 34842690743 composite?
True
Is 1468588903 prime?
True
Is 1717594539 a composite number?
True
Is 2057437229 a composite number?
False
Is 33148196369 a prime number?
True
Is 1527991686535 a composite number?
True
Is 14239909543 composite?
False
Is 1336189081 prime?
False
Is 28556629 a prime number?
False
Is 4257025543 a composite number?
False
Is 3090740411 composite?
True
Is 1618873961 composite?
False
Is 10491334109 a prime number?
True
Is 77606597 prime?
False
Is 171332677 a composite number?
False
Is 64080872809 prime?
False
Is 55302887 prime?
False
Is 1354385489 a prime number?
False
Is 628861517 composite?
False
Is 4464060917 prime?
True
Is 1430466253 prime?
False
Is 1706131361 a prime number?
False
Is 102669834733 prime?
True
Is 44614574969 a composite number?
False
Is 27693571 a prime number?
False
Is 124598913 prime?
False
Is 43070179 prime?
True
Is 1177030817 a composite number?
True
Is 1251430241 a prime number?
False
Is 416770764727 prime?
False
Is 8297585759 a composite number?
False
Is 4971877 prime?
False
Is 44527805873 a prime number?
True
Is 12349011209 a composite number?
False
Is 915752471 a composite number?
True
Is 560847845 prime?
False
Is 19311522193 a prime number?
False
Is 57940307297 composite?
False
Is 437141753 composite?
False
Is 597727367 composite?
True
Is 13242215929 composite?
False
Is 346611061 prime?
True
Is 217106129 a composite number?
True
Is 32797350881 composite?
False
Is 42827359115 composite?
True
Is 450119629 composite?
False
Is 140211687335 a prime number?
False
Is 6195141167 a composite number?
False
Is 4225424089 a prime number?
True
Is 60415404761 prime?
False
Is 5325584659 composite?
True
Is 71996510813 a composite number?
True
Is 10332843149 composite?
False
Is 1219873519 prime?
True
Is 226633457 a prime number?
True
Is 2652118061 a prime number?
True
Is 42138947 a composite number?
False
Is 11624659663 composite?
False
Is 11055292877 a composite number?
False
Is 203928731 a composite number?
False
Is 14782085641 a prime number?
False
Is 25576274353 a composite number?
True
Is 977875267 a composite number?
False
Is 7909402661 composite?
True
Is 380450288549 composite?
False
Is 54239149 a composite number?
False
Is 27892884883 composite?
False
Is 13343635307 a prime number?
True
Is 241094543 a prime number?
False
Is 177322382933 prime?
True
Is 31136991763 a composite number?
False
Is 5122161199 a composite number?
False
Is 10217749369 a composite number?
False
Is 252737921 a composite number?
False
Is 3825056623 a composite number?
False
Is 356049361 composite?
True
Is 34209105923 a composite number?
False
Is 2142600886 prime?
False
Is 19857702497 a prime number?
True
Is 147692657 a composite number?
True
Is 784068851 a composite number?
False
Is 12607428199 composite?
False
Is 94856373251 a composite number?
True
Is 149405390501 prime?
True
Is 348836759 composite?
False
Is 1385281861 prime?
False
Is 12084969349 a prime number?
False
Is 2860231579 composite?
True
Is 1062966469 a prime number?
False
Is 8591643199 prime?
False
Is 14906069 a prime number?
False
Is 6086423209 composite?
False
Is 1723732151 composite?
False
Is 826890797 a composite number?
False
Is 57398017147 prime?
False
Is 97463791 composite?
True
Is 1073728423 a prime number?
True
Is 7872780899 a prime number?
False
Is 28394377909 a prime number?
True
Is 2340818527 composite?
False
Is 7236978677 composite?
False
Is 352751803 prime?
True
Is 10008343997 a prime number?
False
Is 317706133 a prime number?
True
Is 118914170363 composite?
False
Is 9237689713 prime?
False
Is 212017009 composite?
True
Is 1911419303 composite?
True
Is 5545042865 composite?
True
Is 920701697 prime?
True
Is 531450961 prime?
True
Is 30465058963 a prime number?
False
Is 5309322859 composite?
True
Is 54424799497 a prime number?
True
Is 651802903 prime?
False
Is 154014359 a prime number?
True
Is 1406073089 prime?
False
Is 779368867 composite?
False
Is 1358584939 prime?
False
Is 4222312667 prime?
True
Is 123368103389 a prime number?
False
Is 3897608699 a composite number?
False
Is 5672713231 composite?
True
Is 880157479 prime?
True
Is 83766637421 a composite number?
False
Is 277234513 a prime number?
True
Is 1129162535 composite?
True
Is 15365275537 